.
2, 3, 5, 5508847
List the prime factors of 495883358.
2, 23, 373, 28901
List the prime factors of 43049866.
2, 21524933
List the prime factors of 25496776.
2, 79, 40343
What are the prime factors of 36277330?
2, 5, 59, 61487
List the prime factors of 1853404197.
3, 617801399
List the prime factors of 581061139.
17, 29, 1178623
List the prime factors of 25938306.
2, 3, 19, 53
List the prime factors of 1523662.
2, 7, 43, 2531
What are the prime factors of 1945775102?
2, 6329, 153719
What are the prime factors of 4060823284?
2, 7, 139, 1043377
What are the prime factors of 87524218?
2, 43762109
List the prime factors of 63246864.
2, 3, 397, 3319
List the prime factors of 1403754429.
3, 7, 11, 109, 197, 283
What are the prime factors of 4177454280?
2, 3, 5, 34812119
List the prime factors of 2719810681.
7, 388544383
List the prime factors of 19162448.
2, 37, 32369
List the prime factors of 22922751.
3, 89, 85853
List the prime factors of 3468572548.
2, 7, 37, 3348043
List the prime factors of 146110052.
2, 11, 3320683
What are the prime factors of 248140162?
2, 97, 587, 2179
List the prime factors of 812778188.
2, 2459, 82633
What are the prime factors of 27519831?
3, 339751
What are the prime factors of 206013593?
29, 79, 89923
List the prime factors of 37261715.
5, 67, 111229
What are the prime factors of 1243223075?
5, 769, 64667
List the prime factors of 126054403.
67, 1279, 1471
List the prime factors of 4707329556.
2, 3, 41, 47, 203569
List the prime factors of 17543696.
2, 1096481
What are the prime factors of 386763775?
5, 37, 317, 1319
List the prime factors of 181498298.
2, 19, 29, 109, 1511
What are the prime factors of 47229022?
2, 19, 1242869
List the prime factors of 264149787.
3, 11, 409, 19571
List the prime factors of 1750174474.
2, 19, 691, 66653
List the prime factors of 316516648.
2, 7, 37, 173, 883
List the prime factors of 94134.
2, 3, 29, 541
List the prime factors of 2767618.
2, 7, 31, 911
What are the prime factors of 21481127?
37, 79, 7349
What are the prime factors of 480176949?
3, 7, 19, 31, 38821
List the prime factors of 1683088554.
2, 3, 7, 1277, 4483
What are the prime factors of 284948636?
2, 7, 10176737
List the prime factors of 4276461287.
7, 607, 1006463
What are the prime factors of 1919393148?
2, 3, 19, 23, 31, 11807
List the prime factors of 2768215528.
2, 13, 26617457
List the prime factors of 372636007.
61, 6108787
What are the prime factors of 397826474?
2, 1451, 137087
List the prime factors of 51082445.
5, 977, 10457
What are the prime factors of 187873474?
2, 163, 576299
List the prime factors of 1008850724.
2, 7, 29, 83, 14969
What are the prime factors of 7212230?
2, 5, 721223
List the prime factors of 1325101384.
2, 659, 251347
List the prime factors of 40455471.
3, 7, 67, 28753
List the prime factors of 425016815.
5, 223, 381181
List the prime factors of 2713386025.
5, 7, 2215009
What are the prime factors of 84931913?
11, 151, 51133
What are the prime factors of 111734043?
3, 37, 1006613
List the prime factors of 910543970.
2, 5, 7, 17, 281, 389
List the prime factors of 148825509.
3, 7, 7086929
List the prime factors of 222427311.
3, 173, 428569
List the prime factors of 281077601.
7, 40153943
List the prime factors of 62655261.
3, 20885087
List the prime factors of 367988075.
5, 7, 13, 161753
List the prime factors of 412859155.
5, 82571831
What are the prime factors of 450375027?
3, 1861, 80669
What are the prime factors of 292587811?
12611, 23201
What are the prime factors of 39954766?
2, 113, 176791
List the prime factors of 165894979.
41, 71, 56989
What are the prime factors of 48078862?
2, 13, 1849187
List the prime factors of 109231549.
7, 15604507
What are the prime factors of 219682505?
5, 7, 37, 169639
List the prime factors of 1680336284.
2, 11, 43, 59, 15053
List the prime factors of 4003329265.
5, 13, 359, 171559
List the prime factors of 2914058016.
2, 3, 1861, 5437
What are the prime factors of 742592021?
67, 79, 140297
List the prime factors of 7583335.
5, 37, 179, 229
What are the prime factors of 134176828?
2, 33544207
List the prime factors of 1599776.
2, 49993
List the prime factors of 17910078.
2, 3, 17, 53, 3313
What are the prime factors of 580608177?
3, 283, 683873
What are the prime factors of 47353405?
5, 11, 860971
What are the prime factors of 87343305?
3, 5, 7, 23, 59, 613
What are the prime factors of 3159060240?
2, 3, 5, 7, 347, 5419
What are the prime factors of 411547212?
2, 3, 103, 110989
What are the prime factors of 6043307?
47, 71, 1811
What are the prime factors of 65130310?
2, 5, 7, 61, 2179
What are the prime factors of 2686831281?
3, 47, 6351847
What are the prime factors of 43733378?
2, 13, 307, 5479
What are the prime factors of 92490529?
92490529
List the prime factors of 30804665.
5, 2417, 2549
What are the prime factors of 75819561?
3, 25273187
List the prime factors of 21035247.
3, 7011749
List the prime factors of 551221296.
2, 3, 11483777
What are the prime factors of 137898993?
3, 883, 52057
List the prime factors of 64861818.
2, 3, 7, 269, 5741
List the prime factors of 250877170.
2, 5, 25087717
What are the prime factors of 31317661?
179, 174959
List the prime factors of 67361327.
11, 17, 19, 18959
List the prime factors of 90947408.
2, 43, 67, 1973
List the prime factors of 193618806.
2, 3, 233, 138497
What are the prime factors of 163695007?
7, 83, 281747
List the prime factors of 303348425.
5, 17, 61, 11701
List the prime factors of 396770856.
2, 3, 16532119
What are the prime factors of 3486653942?
2, 71, 97, 253133
What are the prime factors of 21162312?
2, 3, 251, 1171
What are the prime factors of 64523665?
5, 61, 89, 2377
What are the prime factors of 2039527?
7, 107, 389
What are the prime factors of 121623089?
7, 101, 172027
List the prime factors of 219408325.
5, 1613, 5441
What are the prime factors of 213311768?
2, 173, 154127
What are the prime factors of 1189372830?
2, 3, 5, 19, 71, 29389
What are the prime factors of 132786558?
2, 3, 17, 433943
What are the prime factors of 2154974135?
5, 197, 2187791
What are the prime factors of 925053970?
2, 5, 1747, 52951
List the prime factors of 484852388.
2, 41, 79, 37423
What are the prime factors of 38689119?
3, 7, 614113
What are the prime factors of 1149018842?
2, 19727, 29123
What are the prime factors of 97483134?
2, 3, 7, 17, 136531
What are the prime factors of 381165581?
381165581
What are the prime factors of 350443447?
79, 4435993
What are the prime factors of 16987304?
2, 47, 45179
What are the prime factors of 185676375?
3, 5, 61, 8117
What are the prime factors of 34246574?
2, 17123287
What are the prime factors of 5184851607?
3, 13, 17, 79, 647
List the prime factors of 95119734.
2, 3, 15853289
List the prime factors of 410140633.
7, 31, 193, 1399
List the prime factors of 6081504668.
2, 523, 2907029
What are the prime factors of 2210463129?
3, 7, 67, 727, 2161
What are the prime factors of 355124421?
3, 19, 997, 2083
What are the prime factors of 35466225?
3, 5, 472883
What are the prime factors of 90453573?
3, 7, 1019, 1409
List the prime factors of 203924864.
2, 11, 13, 857
List the prime factors of 1191773291.
6703, 177797
What are the prime factors of 303088570?
2, 5, 19, 29, 67, 821
What are the prime factors of 41708970?
2, 3, 5, 463433
List the prime factors of 94943279.
613, 154883
What are the prime factors of 1287112663?
1287112663
What are the prime factors of 227222408?
2, 7, 17, 4871
List the prime factors of 8729039.
11, 61, 13009
What are the prime factors of 1483061423?
53, 127, 220333
What are the prime factors of 226641656?
2, 59, 71, 6763
What are the prime factors of 197158537?
17, 131, 223, 397
List the prime factors of 355004991.
3, 11, 757, 1579
What are the prime factors of 53922729?
3, 7, 2567749
List the prime factors of 995520082.
2, 107, 4651963
List the prime factors of 21706215.
3, 5, 367, 3943
What are the prime factors of 14023859?
23, 293, 2081
What are the prime factors of 65982579?
3, 13, 1691861
List the prime factors of 7209508.
2, 1217, 1481
What are the prime factors of 335561589?
3, 11, 17, 41, 1621
What are the prime factors of 36982930?
2, 5, 19, 194647
What are the prime factors of 444484819?
59, 7533641
List the prime factor